{"id":219,"date":"2022-01-25T08:48:33","date_gmt":"2022-01-25T11:48:33","guid":{"rendered":"http:\/\/new.aems.edu.br\/?page_id=219"},"modified":"2023-08-28T20:14:53","modified_gmt":"2023-08-28T23:14:53","slug":"rascunho-automatico-3","status":"publish","type":"page","link":"https:\/\/aems.edu.br\/?page_id=219","title":{"rendered":"Institui\u00e7\u00e3o"},"content":{"rendered":"<div class=\"vce-row-container\"><div class=\"vce-row vce-element--has-background vce-row--col-gap-30 vce-row-equal-height vce-row-content--middle vcv-state--show-resizer\" data-vce-full-width=\"true\" data-vce-stretch-content=\"true\" id=\"el-6c8db55e\" data-vce-do-apply=\"all el-6c8db55e\"><div class=\"vce-content-background-container\"><\/div><div class=\"vce-row-content\" data-vce-element-content=\"true\"><div class=\"vce-col vce-col--md-16-66p vce-col--xs-1 vce-col--xs-last vce-col--xs-first vce-col--sm-last vce-col--sm-first vce-col--md-first vce-col--lg-first vce-col--xl-first\" id=\"el-79accf1d\"><div class=\"vce-col-inner\" data-vce-do-apply=\"border margin background  el-79accf1d\"><div class=\"vce-col-content\" data-vce-element-content=\"true\" data-vce-do-apply=\"padding el-79accf1d\"><\/div><\/div><\/div><div class=\"vce-col vce-col--md-66-66p vce-col--xs-1 vce-col--xs-last vce-col--xs-first vce-col--sm-last vce-col--sm-first\" id=\"el-5606eb05\"><div class=\"vce-col-inner\" data-vce-do-apply=\"border margin background  el-5606eb05\"><div class=\"vce-col-content\" data-vce-element-content=\"true\" data-vce-do-apply=\"padding el-5606eb05\"><div class=\"vce-text-block\"><div class=\"vce-text-block-wrapper vce\" id=\"el-20a1daf1\" data-vce-do-apply=\"all el-20a1daf1\"><h1 style=\"text-align: center;\"><span style=\"font-family: Montserrat; font-weight: bold; font-style: normal; color: #f9cb0b;\">Sobre a AEMS<br><\/span><\/h1><\/div><\/div><div class=\"vce-text-block\"><div class=\"vce-text-block-wrapper vce\" id=\"el-5dd70fe8\" data-vce-do-apply=\"all el-5dd70fe8\"><p style=\"text-align: center;\"><span style=\"font-family: Montserrat; color: #ffffff;\">A Associa\u00e7\u00e3o de Ensino e Cultura de Mato Grosso do Sul, AEMS, pessoa jur\u00eddica de direito privado, foi fundada em 27 de setembro de 1989 e tem sede na cidade de Tr\u00eas Lagoas, Estado do Mato Grosso do Sul, na Avenida J\u00falio Ferreira Xavier, n\u00ba 2750, Distrito Industrial, \u00e9 mantenedora das Faculdades Integradas de Tr\u00eas Lagoas e tem por finalidades organizar, manter e desenvolver a educa\u00e7\u00e3o em todos os n\u00edveis, contribuir para o aprimoramento da cultura brasileira, estimular a investiga\u00e7\u00e3o, a pesquisa e a difus\u00e3o da cultura cient\u00edfica, human\u00edstica, t\u00e9cnica e art\u00edstica, assim como promover cursos, palestras, congressos, semin\u00e1rios, simp\u00f3sios e confer\u00eancias..<br><\/span><\/p><p style=\"text-align: center;\"><span style=\"color: #ffffff;\"><strong>MISS\u00c3O<br><\/strong><\/span><span style=\"color: #ffffff;\">A miss\u00e3o das Faculdades Integradas de Tr\u00eas Lagoas foi definida em conson\u00e2ncia com o Plano Nacional de Educa\u00e7\u00e3o, o qual imp\u00f5e ambicioso papel ao Ensino Superior, mediante o implemento de sua fun\u00e7\u00e3o social de oferecer \u00e0 ampla parcela da popula\u00e7\u00e3o acesso ao conhecimento cient\u00edfico e profissional, por meio de projeto pedag\u00f3gico adequado e com base na melhor infraestrutura da regi\u00e3o.<\/span><\/p><p><span style=\"color: #ffffff;\">No contexto desta nova sociedade do conhecimento, com vistas \u00e0 amplia\u00e7\u00e3o democr\u00e1tica do acesso ao ensino superior para, pelo menos, 33% da faixa et\u00e1ria entre 18 e 24 anos e diante da necessidade de redu\u00e7\u00e3o das desigualdades regionais, a Comunidade Acad\u00eamica das Faculdades Integradas de Tr\u00eas Lagoas reconhece como sua miss\u00e3o: \u201ccontribuir para a ascens\u00e3o social de seus formandos, mediante a oferta de educa\u00e7\u00e3o superior voltada para a forma\u00e7\u00e3o de profissionais competentes nas diferentes \u00e1reas do conhecimento, \u00e9ticos, aptos ao cont\u00ednuo aperfei\u00e7oamento cient\u00edfico e profissional e socialmente comprometidos com a dignidade humana e o respeito ao ambiente\u201d.<\/span><\/p><p class=\"citacao\" style=\"text-align: center; line-height: inherit;\"><span style=\"color: #ffffff;\">Acreditamos nos valores da educa\u00e7\u00e3o, \u00e9tica, solidariedade, na cultura nacional, no conhecimento cient\u00edfico e na import\u00e2ncia de investir no desenvolvimento regional pelo caminho do ensino superior, como uma das express\u00f5es de nossa responsabilidade social. E assim, agradecemos a todos que escolheram a AEMS e compartilham este mesmo caminho conosco<\/span><\/p><p class=\"author\" style=\"text-align: center;\"><span style=\"color: #ffffff;\"><strong>Maria L\u00facia Atique Gabriel<br><\/strong>Diretora Geral da AEMS<\/span><\/p><p style=\"text-align: center;\"><span style=\"font-family: Montserrat; color: #ffffff;\">&nbsp;<\/span><\/p><\/div><\/div><div class=\"vce-single-image-container vce-single-image--align-center\"><div class=\"vce vce-single-image-wrapper\" id=\"el-197421d9\" data-vce-do-apply=\"all el-197421d9\"><figure><div class=\"vce-single-image-inner vce-single-image--absolute\"><img loading=\"lazy\" decoding=\"async\" class=\"vce-single-image vcv-lozad\" data-src=\"https:\/\/new.aems.edu.br\/wp-content\/uploads\/2022\/01\/instit.jpg\" width=\"0\" height=\"0\" src=\"\" data-img-src=\"http:\/\/new.aems.edu.br\/wp-content\/uploads\/2022\/01\/instit.jpg\" alt=\"\" title=\"instit\" \/><noscript>\n        <img loading=\"lazy\" decoding=\"async\" class=\"vce-single-image\" src=\"http:\/\/new.aems.edu.br\/wp-content\/uploads\/2022\/01\/instit.jpg\" width=\"0\" height=\"0\" alt=\"\" title=\"instit\" \/>\n      <\/noscript><\/div><figcaption hidden=\"\"><\/figcaption><\/figure><\/div><\/div><div class=\"vce-row-container\" data-vce-boxed-width=\"true\"><div class=\"vce-row vce-row--col-gap-30 vce-row-equal-height vce-row-content--middle\" id=\"el-a0c8f16e\" data-vce-do-apply=\"all el-a0c8f16e\"><div class=\"vce-content-background-container\"><\/div><div class=\"vce-row-content\" data-vce-element-content=\"true\"><div class=\"vce-col vce-col--md-auto vce-col--xs-1 vce-col--xs-last vce-col--xs-first vce-col--sm-last vce-col--sm-first vce-col--md-first vce-col--lg-first vce-col--xl-first\" id=\"el-bffd5e01\"><div class=\"vce-col-inner\" data-vce-do-apply=\"border margin background  el-bffd5e01\"><div class=\"vce-col-content\" data-vce-element-content=\"true\" data-vce-do-apply=\"padding el-bffd5e01\"><div class=\"vce-text-block\"><div class=\"vce-text-block-wrapper vce\" id=\"el-b79002ac\" data-vce-do-apply=\"all el-b79002ac\"><p><span style=\"font-family: Montserrat; font-weight: 400; font-style: normal; color: #ffffff;\"><strong>CURSOS AUTORIZADOS E RECONHECIDOS<\/strong><\/span><\/p><p><span style=\"font-family: Montserrat; font-weight: 400; font-style: normal; color: #ffffff;\">Os cursos criados pela AEMS s\u00e3o todos autorizados pelos \u00f3rg\u00e3os federais respons\u00e1veis pela educa\u00e7\u00e3o superior, atendem \u00e0s demandas regionais e s\u00e3o compat\u00edveis com as demandas do mercado de trabalho. Como forma de elevar sempre a qualidade de ensino, a AEMS oferece apoio as iniciativas e atividades docentes, inclusive atividades de pesquisa e extens\u00e3o, contribuindo, assim, para solucionar problemas das comunidades local e regional.<\/span><\/p><p style=\"text-align: center;\"><span style=\"font-family: Montserrat; font-weight: 400; font-style: normal; color: #ffffff;\">&nbsp;<\/span><\/p><\/div><\/div><\/div><\/div><\/div><div class=\"vce-col vce-col--md-auto vce-col--xs-1 vce-col--xs-last vce-col--xs-first vce-col--sm-last vce-col--sm-first\" id=\"el-e9fff92d\"><div class=\"vce-col-inner\" data-vce-do-apply=\"border margin background  el-e9fff92d\"><div class=\"vce-col-content\" data-vce-element-content=\"true\" data-vce-do-apply=\"padding el-e9fff92d\"><div class=\"vce-text-block\"><div class=\"vce-text-block-wrapper vce\" id=\"el-3bec952d\" data-vce-do-apply=\"all el-3bec952d\"><p style=\"text-align: center;\"><span style=\"font-family: Montserrat; color: #ffffff; font-weight: 400; font-style: normal;\"><strong>PROJETO PEDAG\u00d3GICO<\/strong><\/span><\/p><p style=\"text-align: center;\"><span style=\"font-family: Montserrat; color: #ffffff; font-weight: 400; font-style: normal;\">Os projetos pedag\u00f3gicos dos cursos da AEMS s\u00e3o elaborados com base nas compet\u00eancias e habilidades que o aluno deve ter ao concluir seus estudos. Para tanto, os curr\u00edculos dos cursos oferecidos seguem as diretrizes curriculares nacionais, as tend\u00eancias de cada \u00e1rea e os fins da institui\u00e7\u00e3o. Os conte\u00fados das disciplinas s\u00e3o constantemente atualizados e divulgados ao corpo discente a fim de atingirem os objetivos a que cada curso se prop\u00f5e.<\/span><\/p><\/div><\/div><\/div><\/div><\/div><div class=\"vce-col vce-col--md-auto vce-col--xs-1 vce-col--xs-last vce-col--xs-first vce-col--sm-last vce-col--sm-first vce-col--md-last vce-col--lg-last vce-col--xl-last\" id=\"el-99c6af03\"><div class=\"vce-col-inner\" data-vce-do-apply=\"border margin background  el-99c6af03\"><div class=\"vce-col-content\" data-vce-element-content=\"true\" data-vce-do-apply=\"padding el-99c6af03\"><div class=\"vce-text-block\"><div class=\"vce-text-block-wrapper vce\" id=\"el-d88da046\" data-vce-do-apply=\"all el-d88da046\"><p style=\"text-align: right;\"><span style=\"color: #ffffff; font-family: Montserrat; font-weight: 400; font-style: normal;\"><strong>FORMA\u00c7\u00c3O INTEGRAL DISCENTE<\/strong><\/span><\/p><p style=\"text-align: right;\"><span style=\"color: #ffffff; font-family: Montserrat; font-weight: 400; font-style: normal;\">A divulga\u00e7\u00e3o dos cursos da AEMS \u00e9 feita com anteced\u00eancia aos candidatos \u00e0 sele\u00e7\u00e3o. Ao ingressar, o aluno \u00e9 informado sobre o funcionamento e a organiza\u00e7\u00e3o da institui\u00e7\u00e3o, assim como sobre a proposta e os objetivos do curso escolhido. H\u00e1 ainda, programas de apoio e aten\u00e7\u00e3o ao discente, destinados a promover a melhoria da aprendizagem (monitoria, inicia\u00e7\u00e3o cient\u00edfica, atividades extracurriculares) que orientam e motivam os alunos, que s\u00e3o constantemente estimulados a apresentarem sugest\u00f5es que contribuam para sua forma\u00e7\u00e3o integral.<\/span><\/p><\/div><\/div><\/div><\/div><\/div><\/div><\/div><\/div><div class=\"vce-text-block\"><div class=\"vce-text-block-wrapper vce\" id=\"el-fdc8fc53\" data-vce-do-apply=\"all el-fdc8fc53\"><h3 style=\"text-align: center;\"><span style=\"font-family: Montserrat; font-size: 24pt; color: #f9cb0b;\">Sobre os cursos<\/span><\/h3><\/div><\/div><div class=\"vce-row-container\" data-vce-boxed-width=\"true\"><div class=\"vce-row vce-row--col-gap-30 vce-row-equal-height vce-row-content--top\" id=\"el-6eebe01f\" data-vce-do-apply=\"all el-6eebe01f\"><div class=\"vce-content-background-container\"><\/div><div class=\"vce-row-content\" data-vce-element-content=\"true\"><div class=\"vce-col vce-col--md-auto vce-col--xs-1 vce-col--xs-last vce-col--xs-first vce-col--sm-last vce-col--sm-first vce-col--md-first vce-col--lg-first vce-col--xl-first\" id=\"el-cb15c9e1\"><div class=\"vce-col-inner\" data-vce-do-apply=\"border margin background  el-cb15c9e1\"><div class=\"vce-col-content\" data-vce-element-content=\"true\" data-vce-do-apply=\"padding el-cb15c9e1\"><div class=\"vce-text-block\"><div class=\"vce-text-block-wrapper vce\" id=\"el-1f735b31\" data-vce-do-apply=\"all el-1f735b31\"><p><strong><span style=\"font-family: Montserrat; font-style: normal; color: #ffffff;\">ENSINO, INVESTIGA\u00c7\u00c3O CIENT\u00cdFICA E EXTENS\u00c3O<\/span><\/strong><\/p><p><span style=\"font-family: Montserrat; font-weight: 400; font-style: normal; color: #ffffff; font-size: 10pt;\">Em respeito \u00e0 sua miss\u00e3o o foco principal da Institui\u00e7\u00e3o \u00e9 a oferta de ensino superior, por meio de seus cursos de gradua\u00e7\u00e3o e p\u00f3s-gradua\u00e7\u00e3o, articulados com investiga\u00e7\u00e3o cient\u00edfica e importantes projetos de extens\u00e3o.<\/span><\/p><p><span style=\"font-family: Montserrat; font-weight: 400; font-style: normal; color: #ffffff; font-size: 10pt;\">Destacam-se entre as atividades de extens\u00e3o, parceria com a Prefeitura de Tr\u00eas Lagoas, com os servi\u00e7os pr\u00f3prios das Cl\u00ednicas Escolas de Fisioterapia, Medicina Veterin\u00e1ria, Nutri\u00e7\u00e3o, Odontologia e Psicologia da IES, inclusive por ocasi\u00e3o dos est\u00e1gios curriculares. Al\u00e9m disso, s\u00e3o oferecidos por ano, em m\u00e9dia, cerca de duzentos cursos gratuitos de extens\u00e3o, proporcionados por todos os cursos de gradua\u00e7\u00e3o, dentre os quais diversos de nivelamento sobre interpreta\u00e7\u00e3o, opera\u00e7\u00f5es matem\u00e1ticas, metodologia etc.<\/span><\/p><p><strong><span style=\"color: #ffffff; font-family: Montserrat;\">INFRAESTRUTURA<\/span><\/strong><\/p><p><span style=\"color: #ffffff; font-family: Montserrat; font-size: 10pt;\">Com a melhor infraestrutura da regi\u00e3o, a Institui\u00e7\u00e3o oferece seus cursos de gradua\u00e7\u00e3o e p\u00f3s-gradua\u00e7\u00e3o em mais de cem salas de aulas, equipadas com recursos visuais e de \u00e1udio, em amplos espa\u00e7os constru\u00eddos de acordo com as normas de seguran\u00e7a e de acessibilidade.<br><\/span><span style=\"color: #ffffff; font-family: Montserrat; font-size: 10pt;\">O acervo da biblioteca ultrapassa a quantia de 70.000 exemplares e est\u00e1 \u00e0 disposi\u00e7\u00e3o dos alunos em uma sala de mais de mil metros quadrados, com ar-condicionado, e estrutura de acesso \u00e0 internet. O acesso ao acervo tamb\u00e9m pode ser feito mediante pesquisa on-line e as instala\u00e7\u00f5es acomodam com conforto em gabinetes, mesas e espa\u00e7os individuais de estudos.<\/span><\/p><p><span style=\"color: #ffffff; font-family: Montserrat; font-size: 10pt;\">As Cl\u00ednicas de Fisioterapia, Medicina Veterin\u00e1ria, N\u00facleo de Pr\u00e1ticas Cont\u00e1beis, N\u00facleo de Pr\u00e1tica Jur\u00eddica, Medicina Veterin\u00e1ria, Nutri\u00e7\u00e3o, Odontologia, Psicologia, prestam servi\u00e7os \u00e0 comunidade carente e aos funcion\u00e1rios, alunos e professores da IES, mediante servi\u00e7os prestados por profissionais experientes e altamente qualificados.<\/span><\/p><p><span style=\"color: #ffffff; font-family: Montserrat; font-size: 10pt;\">No conjunto arquitet\u00f4nico situado na sede destacam-se o anfiteatro com capacidade para quatrocentas pessoas, dotado de ar refrigerado, equipamentos de som e condi\u00e7\u00f5es de seguran\u00e7a, o audit\u00f3rio com capacidade para cem pessoas, cinco laborat\u00f3rios de inform\u00e1tica, com equipamentos e softwares licenciados, laborat\u00f3rios pr\u00f3prios como: Brinquedoteca, Farm\u00e1cia Escola, Laborat\u00f3rio de Alimentos e Bebidas \/ T\u00e9cnica Diet\u00e9tica, Laborat\u00f3rio de An\u00e1lises Cl\u00ednicas (Microbiologia, Imunologia, Parasitologia Hematologia e Fluidos Biol\u00f3gicos), Laborat\u00f3rio de Anatomia Humana e Embriologia, Laborat\u00f3rio de Anatomia Veterin\u00e1ria\/ Laborat\u00f3rio de Patologia Veterin\u00e1ria, Laborat\u00f3rio de Anatomia Veterin\u00e1ria\/ Sala de Prepara\u00e7\u00e3o, Laborat\u00f3rio de Ardu\u00edno e Laborat\u00f3rio de Rob\u00f3tica, Laborat\u00f3rio de Bases, M\u00e9todos e T\u00e9cnicas de Avalia\u00e7\u00e3o em Fisioterapia, Cinesiologia e Biomec\u00e2nica; Cinesioterapia e Diagn\u00f3stico por Imagem, Laborat\u00f3rio de Biologia, Microbiologia e Farmacobot\u00e2nica, Laborat\u00f3rio de dent\u00edstica e endodontia\/Materiais dent\u00e1rios e pr\u00f3teses, Laborat\u00f3rio de Desenho T\u00e9cnico, Laborat\u00f3rio de Educa\u00e7\u00e3o em sa\u00fade, Laborat\u00f3rio de El\u00e9trica\/Eletrot\u00e9cnica\/f\u00edsica e Biof\u00edsica, Laborat\u00f3rio de Eletrotermofototerapia, Laborat\u00f3rio de Enfermagem \/ Primeiros Socorros\/Ambulat\u00f3rio, Laborat\u00f3rio de Est\u00e1gio de An\u00e1lises Cl\u00ednicas, Laborat\u00f3rio de Geologia \/ Resist\u00eancia dos Materiais, Laborat\u00f3rio de Hidr\u00e1ulica, Instala\u00e7\u00f5es Hidr\u00e1ulicas e Sanit\u00e1rias, Fen\u00f4menos de transporte, Laborat\u00f3rio de Inform\u00e1tica \/ Topografia \/ Autocad, Laborat\u00f3rio de Microscopia, Laborat\u00f3rio de Modelos, Laborat\u00f3rio de Panifica\u00e7\u00e3o, Laborat\u00f3rio de Processamento e An\u00e1lise de Imagem, Laborat\u00f3rio de Qu\u00edmica, Bioqu\u00edmica, An\u00e1lise de Alimentos, Farmacologia, Laborat\u00f3rio de R\u00e1dio, Edi\u00e7\u00e3o de \u00c1udio e Edi\u00e7\u00e3o, Edi\u00e7\u00e3o Master, Est\u00fadio de Cinema e TV, Est\u00fadio de fotografia, Reda\u00e7\u00e3o de Jornalismo, Ag\u00eancia Experimental de Publicidade e Propaganda; Laborat\u00f3rio de Radiologia \/ Pr\u00e1ticas Radiol\u00f3gicas e Prote\u00e7\u00e3o Radiol\u00f3gica, Laborat\u00f3rio de Recursos Terap\u00eauticos Manuais e Mec\u00e2nicos, Laborat\u00f3rio de Sementes, Laborat\u00f3rio de Sistema Hidro sanit\u00e1rio, Laborat\u00f3rio de Solos, Laborat\u00f3rio de Tecnologia de Alimentos e T\u00e9cnica e Diet\u00e9tica, secretaria acad\u00eamica, salas de coordena\u00e7\u00f5es e de reuni\u00f5es, sala e gabinete de trabalho de professores, salas multim\u00eddia, setor de tecnologia de informa\u00e7\u00e3o, sala de j\u00fari, Cl\u00ednicas de Fisioterapia, Medicina Veterin\u00e1ria, N\u00facleo de Pr\u00e1ticas Cont\u00e1beis, N\u00facleo de Pr\u00e1tica Jur\u00eddica, Medicina Veterin\u00e1ria, Nutri\u00e7\u00e3o, Odontologia, Psicologia, brinquedoteca e \u00e1reas de conviv\u00eancia. Os pr\u00e9dios e corredores s\u00e3o devidamente sinalizados, dotados de equipamentos de seguran\u00e7a e foram projetados e constru\u00eddos com rampas e condi\u00e7\u00f5es de acesso \u00e0 pessoas com necessidades especiais.<\/span><\/p><p><span style=\"color: #ffffff; font-family: Montserrat; font-size: 10pt;\">Na \u00e1rea 2 foi constru\u00eddo o conjunto poliesportivo da FITL, onde h\u00e1 quadras coberta e abertas, campo de futebol, ampla piscina, vesti\u00e1rios e banheiros, almoxarifado, grande sala com equipamentos para gin\u00e1stica ol\u00edmpica, \u00e1rea de conviv\u00eancia, salas de aula e os respectivos equipamentos esportivos.<\/span><\/p><p><span style=\"color: #ffffff; font-family: Montserrat; font-size: 10pt;\">Na \u00e1rea 3 temos a Fazenda Escola para atender os cursos de Agronomia,&nbsp;Medicina Veterin\u00e1ria e Zootecnia..<\/span><\/p><p><span style=\"font-family: Montserrat; font-weight: 400; font-style: normal; color: #ffffff; font-size: 10pt;\">&nbsp;<\/span><\/p><\/div><\/div><\/div><\/div><\/div><div class=\"vce-col vce-col--md-auto vce-col--xs-1 vce-col--xs-last vce-col--xs-first vce-col--sm-last vce-col--sm-first vce-col--md-last vce-col--lg-last vce-col--xl-last\" id=\"el-cb282b5f\"><div class=\"vce-col-inner\" data-vce-do-apply=\"border margin background  el-cb282b5f\"><div class=\"vce-col-content\" data-vce-element-content=\"true\" data-vce-do-apply=\"padding el-cb282b5f\"><div class=\"vce-text-block\"><div class=\"vce-text-block-wrapper vce\" id=\"el-f73b1ddb\" data-vce-do-apply=\"all el-f73b1ddb\"><\/div><\/div><div class=\"vce-text-block\"><div class=\"vce-text-block-wrapper vce\" id=\"el-6ef19051\" data-vce-do-apply=\"all el-6ef19051\"><p><strong><span style=\"font-family: Montserrat; color: #ffffff;\">COORDENA\u00c7\u00c3O E CORPO DOCENTE<\/span><\/strong><\/p><p><span style=\"font-family: Montserrat; color: #ffffff; font-size: 10pt;\">A Coordena\u00e7\u00e3o de cursos tem conhecimento profundo do projeto pedag\u00f3gico que norteia as atividades de forma\u00e7\u00e3o dos alunos e busca constantemente cumprir os objetivos de cada curso e melhorar sua qualidade. A AEMS conta com um corpo docente com alta forma\u00e7\u00e3o profissional para atender aos objetivos do curso e aos requisitos de cada disciplina, por meio de atividades de capacita\u00e7\u00e3o, investiga\u00e7\u00e3o, extens\u00e3o e orienta\u00e7\u00e3o dos alunos. Visando a atender alunos e professores e a proporcionar comunica\u00e7\u00e3o eficiente com os \u00f3rg\u00e3os da administra\u00e7\u00e3o superior. O pessoal t\u00e9cnico-administrativo da AEMS \u00e9 constantemente treinado e atualizado.<\/span><\/p><p style=\"line-height: 1;\"><a href=\"https:\/\/aems.edu.br\/wp-content\/uploads\/2023\/04\/Regimento-Geral-AEMS-site-AEMS-2020.pdf\"><span style=\"color: #ffffff; font-family: Montserrat;\">REGIMENTO GERAL<\/span><\/a><\/p><p><span style=\"color: #ffffff; font-family: Montserrat;\"><a style=\"color: #ffffff;\" href=\"https:\/\/aems.edu.br\/?page_id=7860\">Portaria Normativa<\/a><\/span><\/p><p><span style=\"font-family: Montserrat; color: #ffffff; font-size: 10pt;\">&nbsp;<\/span><\/p><\/div><\/div><div class=\"vce-single-image-container vce-single-image--align-left\"><div class=\"vce vce-single-image-wrapper\" id=\"el-0ca1dffe\" data-vce-do-apply=\"all el-0ca1dffe\"><figure><div class=\"vce-single-image-inner vce-single-image--absolute\" style=\"padding-bottom: 65.8824%; width: 340px;\"><img loading=\"lazy\" decoding=\"async\" class=\"vce-single-image vcv-lozad\" data-src=\"https:\/\/aems.edu.br\/wp-content\/uploads\/2023\/08\/banner_qrcode-AEMS-1-e1670350194343-340x224.jpg\" width=\"340\" height=\"224\" srcset=\"https:\/\/aems.edu.br\/wp-content\/uploads\/2023\/08\/banner_qrcode-AEMS-1-e1670350194343-320x211.jpg 320w,https:\/\/aems.edu.br\/wp-content\/uploads\/2023\/08\/banner_qrcode-AEMS-1-e1670350194343-340x224.jpg 340w\" src=\"\" data-img-src=\"https:\/\/aems.edu.br\/wp-content\/uploads\/2022\/12\/banner_qrcode-AEMS-1-e1670350194343.jpg\" alt=\"\" title=\"banner_qrcode AEMS (1)\" \/><noscript>\n        <img loading=\"lazy\" decoding=\"async\" class=\"vce-single-image\" src=\"https:\/\/aems.edu.br\/wp-content\/uploads\/2022\/12\/banner_qrcode-AEMS-1-e1670350194343.jpg\" width=\"340\" height=\"224\" alt=\"\" title=\"banner_qrcode AEMS (1)\" \/>\n      <\/noscript><\/div><figcaption hidden=\"\"><\/figcaption><\/figure><\/div><\/div><div class=\"vce-yt-video-player vce-yt-video-player--align-center vce-yt-video-player--size-560x315\"><div class=\"vce vce-yt-video-player-wrapper\" id=\"el-77ffc472\" style=\"width: 560px;\" data-vce-do-apply=\"all el-77ffc472\"><div class=\"vce-yt-video-player-inner\"><iframe loading=\"lazy\" class=\"vce-yt-video-player-iframe\" src=\"https:\/\/www.youtube.com\/embed\/0TEgEJslTzw?autoplay=0&amp;mute=0&amp;color=red&amp;controls=1&amp;loop=0&amp;rel=0&amp;start=0&amp;cc_load_policy=0&amp;iv_load_policy=3&amp;enablejsapi=1\" width=\"640\" height=\"390\" allowfullscreen=\"\"><\/iframe><\/div><\/div><\/div><\/div><\/div><\/div><\/div><\/div><\/div><\/div><\/div><\/div><div class=\"vce-col vce-col--md-16-66p vce-col--xs-1 vce-col--xs-last vce-col--xs-first vce-col--sm-last vce-col--sm-first vce-col--md-last vce-col--lg-last vce-col--xl-last\" id=\"el-94ea4ac6\"><div class=\"vce-col-inner\" data-vce-do-apply=\"border margin background  el-94ea4ac6\"><div class=\"vce-col-content\" data-vce-element-content=\"true\" data-vce-do-apply=\"padding el-94ea4ac6\"><\/div><\/div><\/div><\/div><\/div><\/div>\n","protected":false},"excerpt":{"rendered":"<p>Sobre a AEMSA Associa\u00e7\u00e3o de Ensino e Cultura de Mato Grosso do Sul, AEMS, pessoa jur\u00eddica de direito privado, foi fundada em 27 de setembro de 1989 e tem sede na cidade de Tr\u00eas Lagoas, Estado do Mato Grosso do Sul, na Avenida J\u00falio Ferreira Xavier, n\u00ba 2750, Distrito Industrial, \u00e9 mantenedora das Faculdades Integradas &hellip; <br \/><a href=\"https:\/\/aems.edu.br\/?page_id=219\" class=\"more-link\">Continue reading <span class=\"screen-reader-text\">Institui\u00e7\u00e3o<\/span><\/a><\/p>\n","protected":false},"author":1,"featured_media":0,"parent":0,"menu_order":0,"comment_status":"closed","ping_status":"closed","template":"","meta":{"footnotes":""},"categories":[],"tags":[],"class_list":["post-219","page","type-page","status-publish","hentry"],"_links":{"self":[{"href":"https:\/\/aems.edu.br\/index.php?rest_route=\/wp\/v2\/pages\/219","targetHints":{"allow":["GET"]}}],"collection":[{"href":"https:\/\/aems.edu.br\/index.php?rest_route=\/wp\/v2\/pages"}],"about":[{"href":"https:\/\/aems.edu.br\/index.php?rest_route=\/wp\/v2\/types\/page"}],"author":[{"embeddable":true,"href":"https:\/\/aems.edu.br\/index.php?rest_route=\/wp\/v2\/users\/1"}],"replies":[{"embeddable":true,"href":"https:\/\/aems.edu.br\/index.php?rest_route=%2Fwp%2Fv2%2Fcomments&post=219"}],"version-history":[{"count":24,"href":"https:\/\/aems.edu.br\/index.php?rest_route=\/wp\/v2\/pages\/219\/revisions"}],"predecessor-version":[{"id":7864,"href":"https:\/\/aems.edu.br\/index.php?rest_route=\/wp\/v2\/pages\/219\/revisions\/7864"}],"wp:attachment":[{"href":"https:\/\/aems.edu.br\/index.php?rest_route=%2Fwp%2Fv2%2Fmedia&parent=219"}],"wp:term":[{"taxonomy":"category","embeddable":true,"href":"https:\/\/aems.edu.br\/index.php?rest_route=%2Fwp%2Fv2%2Fcategories&post=219"},{"taxonomy":"post_tag","embeddable":true,"href":"https:\/\/aems.edu.br\/index.php?rest_route=%2Fwp%2Fv2%2Ftags&post=219"}],"curies":[{"name":"wp","href":"https:\/\/api.w.org\/{rel}","templated":true}]}}