{"id":232,"date":"2022-01-25T08:52:10","date_gmt":"2022-01-25T11:52:10","guid":{"rendered":"http:\/\/new.aems.edu.br\/?page_id=232"},"modified":"2026-01-27T08:35:49","modified_gmt":"2026-01-27T11:35:49","slug":"rascunho-automatico-6","status":"publish","type":"page","link":"https:\/\/aems.edu.br\/?page_id=232","title":{"rendered":"Calend\u00e1rios"},"content":{"rendered":"<div class=\"vce-row-container\"><div class=\"vce-row vce-row--has-col-background vce-element--has-background vce-row--col-gap-20 vce-row-equal-height vce-row-content--top\" data-vce-full-width=\"true\" id=\"el-2f5d706e\" data-vce-do-apply=\"all el-2f5d706e\"><div class=\"vce-content-background-container\"><div class=\"vce-asset-background-simple-container vce-visible-all-only vce-asset-background-simple--style-cover vce-asset-background-simple--position-center-top\"><div class=\"vce-asset-background-simple\">\n              <div class=\"vce-asset-background-simple-item vcv-lozad\" data-background-image=\"https:\/\/aems.edu.br\/wp-content\/uploads\/visualcomposer-assets\/templates\/65f9eaaba034b4.61990680\/assets\/elements\/photo-1435527173128-983b87201f4d-1.jpg\"><\/div>\n              <noscript>\n                <div class=\"vce-asset-background-simple-item\" style=\"background-image: url(https:\/\/aems.edu.br\/wp-content\/uploads\/visualcomposer-assets\/templates\/65f9eaaba034b4.61990680\/assets\/elements\/photo-1435527173128-983b87201f4d-1.jpg)\"><\/div>\n              <\/noscript>\n            <\/div><\/div><div class=\"vce-asset-color-gradient-container vce-visible-all-only\" data-vce-do-apply=\"gradient el-2f5d706e\"><\/div><\/div><div class=\"vce-row-content\" data-vce-element-content=\"true\"><div class=\"vce-col vce-col--md-40p vce-col--xs-1 vce-col--xs-last vce-col--xs-first vce-col--sm-last vce-col--sm-first vce-col--md-first vce-col--lg-first vce-col--xl-first\" id=\"el-e8ec499d\"><div class=\"vce-col-inner\" data-vce-do-apply=\"border margin background  el-e8ec499d\"><div class=\"vce-col-content\" data-vce-element-content=\"true\" data-vce-do-apply=\"padding el-e8ec499d\"><div class=\"vce-text-block\"><div class=\"vce-text-block-wrapper vce\" id=\"el-4aff768d\" data-vce-do-apply=\"all el-4aff768d\"><p><span style=\"font-family: Poppins; letter-spacing: 10px; font-weight: bold; font-style: normal; font-size: 10pt; color: #182430;\">PROGRAME-SE<\/span><\/p>\n<h2><span style=\"font-family: Poppins; font-size: 36pt; color: #182430; font-weight: bold; font-style: normal;\">CALEND\u00c1RIOS<\/span><\/h2>\n<p style=\"line-height: 1.5;\"><span style=\"font-family: Poppins; font-weight: 300; font-style: normal; font-size: 10pt; color: #182430;\"><span style=\"color: #647a94;\">Como parte da nossa transpar\u00eancia na organiza\u00e7\u00e3o acad\u00eamica, postamos de forma antecipada os calend\u00e1rios que correspondem as datas importantes do ano letivo.<\/span><\/span><\/p>\n<p style=\"line-height: 1.5;\"><span style=\"font-family: Poppins; font-weight: 300; font-style: normal; font-size: 10pt; color: #182430;\"><span style=\"color: #647a94;\">Nos \u00edtens, fa\u00e7a o download do calend\u00e1rio correspondente ao curso que voc\u00ea est\u00e1 matriculado.<\/span><\/span><\/p><\/div><\/div><\/div><\/div><\/div><div class=\"vce-col vce-element--has-background vce-col--md-60p vce-col--xs-1 vce-col--xs-last vce-col--xs-first vce-col--sm-last vce-col--sm-first vce-col--md-last vce-col--lg-last vce-col--xl-last\" id=\"el-ce3fa97d\"><div class=\"vce-col-inner\" data-vce-do-apply=\"border margin background  el-ce3fa97d\"><div class=\"vce-content-background-container\"><\/div><div class=\"vce-col-content\" data-vce-element-content=\"true\" data-vce-do-apply=\"padding el-ce3fa97d\"><div class=\"vce-faq-toggle vce-faq-toggle-color--fff vce-faq-toggle-shape-color--b-25-90-159 vce-faq-toggle-shape--rounded\"><div class=\"vce-faq-toggle-wrapper vce\" id=\"el-ee924237\" data-vce-do-apply=\"margin padding border background  el-ee924237\"><div class=\"vce-faq-toggle-inner\"><div class=\"vce-faq-toggle-title\"><h5 class=\"vce-faq-toggle-title-text\" aria-controls=\"faqToggle-ee924237\" aria-expanded=\"false\"><i class=\"vce-faq-toggle-icon\"><\/i>2026<\/h5><\/div><div class=\"vce-faq-toggle-text-block\" role=\"region\" id=\"faqToggle-ee924237\"><p style=\"line-height: 1.05;\"><a href=\"https:\/\/aems.edu.br\/wp-content\/uploads\/2025\/10\/Calendario-Escolar-SEMESTRAL-2026.pdf\"><span style=\"font-family: Poppins; font-size: 10pt;\">2026 - Calend\u00e1rio Escolar<\/span><\/a><\/p><\/div><\/div><\/div><\/div><\/div><\/div><\/div><\/div><\/div><\/div>\n","protected":false},"excerpt":{"rendered":"<p>PROGRAME-SE CALEND\u00c1RIOS Como parte da nossa transpar\u00eancia na organiza\u00e7\u00e3o acad\u00eamica, postamos de forma antecipada os calend\u00e1rios que correspondem as datas importantes do ano letivo. Nos \u00edtens, fa\u00e7a o download do calend\u00e1rio correspondente ao curso que voc\u00ea est\u00e1 matriculado.20262026 &#8211; Calend\u00e1rio Escolar<\/p>\n","protected":false},"author":1,"featured_media":0,"parent":0,"menu_order":0,"comment_status":"closed","ping_status":"closed","template":"","meta":{"footnotes":""},"categories":[],"tags":[],"class_list":["post-232","page","type-page","status-publish","hentry"],"_links":{"self":[{"href":"https:\/\/aems.edu.br\/index.php?rest_route=\/wp\/v2\/pages\/232","targetHints":{"allow":["GET"]}}],"collection":[{"href":"https:\/\/aems.edu.br\/index.php?rest_route=\/wp\/v2\/pages"}],"about":[{"href":"https:\/\/aems.edu.br\/index.php?rest_route=\/wp\/v2\/types\/page"}],"author":[{"embeddable":true,"href":"https:\/\/aems.edu.br\/index.php?rest_route=\/wp\/v2\/users\/1"}],"replies":[{"embeddable":true,"href":"https:\/\/aems.edu.br\/index.php?rest_route=%2Fwp%2Fv2%2Fcomments&post=232"}],"version-history":[{"count":125,"href":"https:\/\/aems.edu.br\/index.php?rest_route=\/wp\/v2\/pages\/232\/revisions"}],"predecessor-version":[{"id":9935,"href":"https:\/\/aems.edu.br\/index.php?rest_route=\/wp\/v2\/pages\/232\/revisions\/9935"}],"wp:attachment":[{"href":"https:\/\/aems.edu.br\/index.php?rest_route=%2Fwp%2Fv2%2Fmedia&parent=232"}],"wp:term":[{"taxonomy":"category","embeddable":true,"href":"https:\/\/aems.edu.br\/index.php?rest_route=%2Fwp%2Fv2%2Fcategories&post=232"},{"taxonomy":"post_tag","embeddable":true,"href":"https:\/\/aems.edu.br\/index.php?rest_route=%2Fwp%2Fv2%2Ftags&post=232"}],"curies":[{"name":"wp","href":"https:\/\/api.w.org\/{rel}","templated":true}]}}